{"id":140,"date":"2025-06-18T13:58:17","date_gmt":"2025-06-18T16:58:17","guid":{"rendered":"https:\/\/bvnarede.com.br\/varinhanerd\/?page_id=140"},"modified":"2025-06-18T14:03:49","modified_gmt":"2025-06-18T17:03:49","slug":"animes","status":"publish","type":"page","link":"https:\/\/bvnarede.com.br\/varinhanerd\/animes\/","title":{"rendered":"ANIMES"},"content":{"rendered":"<style>.kb-posts-id-140_d73b3f-55 .kb-post-list-item{display:grid;}<\/style><ul class=\"wp-block-kadence-posts kb-posts kadence-posts-list kb-posts-id-140_d73b3f-55 content-wrap grid-cols kb-posts-style-boxed grid-sm-col-1 grid-lg-col-1 item-image-style-beside\"><li class=\"kb-post-list-item\">\n\t<article class=\"entry content-bg loop-entry post-250 post type-post status-publish format-standard has-post-thumbnail hentry category-animes tag-animes\">\n\t\t\t\t<a aria-hidden=\"true\" tabindex=\"-1\" role=\"presentation\" class=\"post-thumbnail kadence-thumbnail-ratio-9-16\" href=\"https:\/\/bvnarede.com.br\/varinhanerd\/animes-mais-aguardados-verao-2025\/\" aria-label=\"Os animes mais aguardados da temporada de ver\u00e3o 2025\">\n\t\t\t<div class=\"post-thumbnail-inner\">\n\t\t\t\t<img loading=\"lazy\" decoding=\"async\" width=\"768\" height=\"512\" src=\"https:\/\/bvnarede.com.br\/varinhanerd\/wp-content\/uploads\/2025\/07\/dydcspysoe8-768x512.jpg\" class=\"attachment-medium_large size-medium_large wp-post-image\" alt=\"animes mais aguardados\" srcset=\"https:\/\/bvnarede.com.br\/varinhanerd\/wp-content\/uploads\/2025\/07\/dydcspysoe8-768x512.jpg 768w, https:\/\/bvnarede.com.br\/varinhanerd\/wp-content\/uploads\/2025\/07\/dydcspysoe8-300x200.jpg 300w, https:\/\/bvnarede.com.br\/varinhanerd\/wp-content\/uploads\/2025\/07\/dydcspysoe8-1024x683.jpg 1024w, https:\/\/bvnarede.com.br\/varinhanerd\/wp-content\/uploads\/2025\/07\/dydcspysoe8-1536x1024.jpg 1536w, https:\/\/bvnarede.com.br\/varinhanerd\/wp-content\/uploads\/2025\/07\/dydcspysoe8.jpg 1600w\" sizes=\"auto, (max-width: 768px) 100vw, 768px\" \/>\t\t\t<\/div>\n\t\t<\/a><!-- .post-thumbnail -->\n\t\t\t\t<div class=\"entry-content-wrap\">\n\t\t\t<header class=\"entry-header\">\n\t\t<div class=\"entry-taxonomies\">\n\t\t<span class=\"category-links term-links category-style-normal\">\n\t\t\t<style>.loop-entry.type-post .entry-taxonomies a.category-link-animes {\n\t\t\t\t\t\t\t\t\t\tcolor: #ff6900;\n\t\t\t\t\t\t\t\t\t}<\/style><a href=\"https:\/\/bvnarede.com.br\/varinhanerd\/category\/animes\/\" class=\"category-link-animes\" rel=\"tag\">Animes<\/a>\t\t<\/span>\n\t<\/div><!-- .entry-taxonomies -->\n\t<h2 class=\"entry-title\"><a href=\"https:\/\/bvnarede.com.br\/varinhanerd\/animes-mais-aguardados-verao-2025\/\" rel=\"bookmark\">Os animes mais aguardados da temporada de ver\u00e3o 2025<\/a><\/h2>\t<div class=\"entry-meta entry-meta-divider-dot\">\n\t\t\t\t<span class=\"posted-on\">\n\t\t\t\t<time class=\"entry-date published\" datetime=\"2025-07-28T15:05:50-03:00\">28\/07\/2025<\/time><time class=\"updated\" datetime=\"2025-07-28T15:05:52-03:00\">28\/07\/2025<\/time>\t\t\t<\/span>\n\t\t\t\t<\/div><!-- .entry-meta -->\n\t<\/header><!-- .entry-header -->\n\t<div class=\"entry-summary\">\n\t\t<p>A nova temporada de animes est\u00e1 chegando com tudo! O ver\u00e3o japon\u00eas, que acontece entre julho e setembro, trar\u00e1 estreias muito aguardadas por f\u00e3s de diferentes estilos e g\u00eaneros. Desde continua\u00e7\u00f5es esperadas at\u00e9 estreias de novas hist\u00f3rias promissoras, h\u00e1 t\u00edtulos que prometem movimentar as plataformas de streaming e gerar discuss\u00f5es intensas nas redes sociais. Neste&#8230;<\/p>\n\t<\/div><!-- .entry-summary -->\n\t<footer class=\"entry-footer\">\n\t\t\t<div class=\"entry-actions\">\n\t\t\t<p class=\"more-link-wrap\">\n\t\t\t\t<a href=\"https:\/\/bvnarede.com.br\/varinhanerd\/animes-mais-aguardados-verao-2025\/\" class=\"post-more-link\">\n\t\t\t\t\tleia mais<span class=\"screen-reader-text\"> Os animes mais aguardados da temporada de ver\u00e3o 2025<\/span><span class=\"kadence-svg-iconset svg-baseline\"><svg aria-hidden=\"true\" class=\"kadence-svg-icon kadence-arrow-right-alt-svg\" fill=\"currentColor\" version=\"1.1\" xmlns=\"http:\/\/www.w3.org\/2000\/svg\" width=\"27\" height=\"28\" viewBox=\"0 0 27 28\"><title>Continue<\/title><path d=\"M27 13.953c0 0.141-0.063 0.281-0.156 0.375l-6 5.531c-0.156 0.141-0.359 0.172-0.547 0.094-0.172-0.078-0.297-0.25-0.297-0.453v-3.5h-19.5c-0.281 0-0.5-0.219-0.5-0.5v-3c0-0.281 0.219-0.5 0.5-0.5h19.5v-3.5c0-0.203 0.109-0.375 0.297-0.453s0.391-0.047 0.547 0.078l6 5.469c0.094 0.094 0.156 0.219 0.156 0.359v0z\"><\/path>\n\t\t\t<\/svg><\/span>\t\t\t\t<\/a>\n\t\t\t<\/p>\n\t\t<\/div><!-- .entry-actions -->\n\t\t<\/footer><!-- .entry-footer -->\t\t<\/div>\n\t<\/article>\n<\/li>\n<li class=\"kb-post-list-item\">\n\t<article class=\"entry content-bg loop-entry post-219 post type-post status-publish format-standard has-post-thumbnail hentry category-animes tag-animes tag-presentes-nerds\">\n\t\t\t\t<a aria-hidden=\"true\" tabindex=\"-1\" role=\"presentation\" class=\"post-thumbnail kadence-thumbnail-ratio-9-16\" href=\"https:\/\/bvnarede.com.br\/varinhanerd\/animes-curtos\/\" aria-label=\"Melhores animes curtos para maratonar em um fim de semana\">\n\t\t\t<div class=\"post-thumbnail-inner\">\n\t\t\t\t<img loading=\"lazy\" decoding=\"async\" width=\"768\" height=\"432\" src=\"https:\/\/bvnarede.com.br\/varinhanerd\/wp-content\/uploads\/2025\/06\/jc0sgxrtbss-768x432.jpg\" class=\"attachment-medium_large size-medium_large wp-post-image\" alt=\"animes curtos\" srcset=\"https:\/\/bvnarede.com.br\/varinhanerd\/wp-content\/uploads\/2025\/06\/jc0sgxrtbss-768x432.jpg 768w, https:\/\/bvnarede.com.br\/varinhanerd\/wp-content\/uploads\/2025\/06\/jc0sgxrtbss-300x169.jpg 300w, https:\/\/bvnarede.com.br\/varinhanerd\/wp-content\/uploads\/2025\/06\/jc0sgxrtbss-1024x576.jpg 1024w, https:\/\/bvnarede.com.br\/varinhanerd\/wp-content\/uploads\/2025\/06\/jc0sgxrtbss-1536x864.jpg 1536w, https:\/\/bvnarede.com.br\/varinhanerd\/wp-content\/uploads\/2025\/06\/jc0sgxrtbss.jpg 1600w\" sizes=\"auto, (max-width: 768px) 100vw, 768px\" \/>\t\t\t<\/div>\n\t\t<\/a><!-- .post-thumbnail -->\n\t\t\t\t<div class=\"entry-content-wrap\">\n\t\t\t<header class=\"entry-header\">\n\t\t<div class=\"entry-taxonomies\">\n\t\t<span class=\"category-links term-links category-style-normal\">\n\t\t\t<style>.loop-entry.type-post .entry-taxonomies a.category-link-animes {\n\t\t\t\t\t\t\t\t\t\tcolor: #ff6900;\n\t\t\t\t\t\t\t\t\t}<\/style><a href=\"https:\/\/bvnarede.com.br\/varinhanerd\/category\/animes\/\" class=\"category-link-animes\" rel=\"tag\">Animes<\/a>\t\t<\/span>\n\t<\/div><!-- .entry-taxonomies -->\n\t<h2 class=\"entry-title\"><a href=\"https:\/\/bvnarede.com.br\/varinhanerd\/animes-curtos\/\" rel=\"bookmark\">Melhores animes curtos para maratonar em um fim de semana<\/a><\/h2>\t<div class=\"entry-meta entry-meta-divider-dot\">\n\t\t\t\t<span class=\"posted-on\">\n\t\t\t\t<time class=\"entry-date published\" datetime=\"2025-06-30T15:43:59-03:00\">30\/06\/2025<\/time><time class=\"updated\" datetime=\"2025-06-30T15:44:00-03:00\">30\/06\/2025<\/time>\t\t\t<\/span>\n\t\t\t\t<\/div><!-- .entry-meta -->\n\t<\/header><!-- .entry-header -->\n\t<div class=\"entry-summary\">\n\t\t<p>Se voc\u00ea adora animes, mas nem sempre tem tempo para acompanhar s\u00e9ries longas como One Piece ou Naruto, os melhores animes curtos s\u00e3o a escolha perfeita. Com hist\u00f3rias completas em poucos epis\u00f3dios, eles s\u00e3o ideais para maratonar em um fim de semana \u2014 sem perder qualidade de enredo, personagens ou anima\u00e7\u00e3o. Neste artigo, voc\u00ea vai&#8230;<\/p>\n\t<\/div><!-- .entry-summary -->\n\t<footer class=\"entry-footer\">\n\t\t\t<div class=\"entry-actions\">\n\t\t\t<p class=\"more-link-wrap\">\n\t\t\t\t<a href=\"https:\/\/bvnarede.com.br\/varinhanerd\/animes-curtos\/\" class=\"post-more-link\">\n\t\t\t\t\tleia mais<span class=\"screen-reader-text\"> Melhores animes curtos para maratonar em um fim de semana<\/span><span class=\"kadence-svg-iconset svg-baseline\"><svg aria-hidden=\"true\" class=\"kadence-svg-icon kadence-arrow-right-alt-svg\" fill=\"currentColor\" version=\"1.1\" xmlns=\"http:\/\/www.w3.org\/2000\/svg\" width=\"27\" height=\"28\" viewBox=\"0 0 27 28\"><title>Continue<\/title><path d=\"M27 13.953c0 0.141-0.063 0.281-0.156 0.375l-6 5.531c-0.156 0.141-0.359 0.172-0.547 0.094-0.172-0.078-0.297-0.25-0.297-0.453v-3.5h-19.5c-0.281 0-0.5-0.219-0.5-0.5v-3c0-0.281 0.219-0.5 0.5-0.5h19.5v-3.5c0-0.203 0.109-0.375 0.297-0.453s0.391-0.047 0.547 0.078l6 5.469c0.094 0.094 0.156 0.219 0.156 0.359v0z\"><\/path>\n\t\t\t<\/svg><\/span>\t\t\t\t<\/a>\n\t\t\t<\/p>\n\t\t<\/div><!-- .entry-actions -->\n\t\t<\/footer><!-- .entry-footer -->\t\t<\/div>\n\t<\/article>\n<\/li>\n<li class=\"kb-post-list-item\">\n\t<article class=\"entry content-bg loop-entry post-106 post type-post status-publish format-standard has-post-thumbnail hentry category-animes\">\n\t\t\t\t<a aria-hidden=\"true\" tabindex=\"-1\" role=\"presentation\" class=\"post-thumbnail kadence-thumbnail-ratio-9-16\" href=\"https:\/\/bvnarede.com.br\/varinhanerd\/principais-animes-de-todos-os-tempos\/\" aria-label=\"Os principais animes de todos os tempos: 10 hist\u00f3rias e personagens marcantes\">\n\t\t\t<div class=\"post-thumbnail-inner\">\n\t\t\t\t<img loading=\"lazy\" decoding=\"async\" width=\"768\" height=\"512\" src=\"https:\/\/bvnarede.com.br\/varinhanerd\/wp-content\/uploads\/2025\/06\/ixdpz-ahfoi-768x512.jpg\" class=\"attachment-medium_large size-medium_large wp-post-image\" alt=\"anime character collage photo on black wooden shelf\" srcset=\"https:\/\/bvnarede.com.br\/varinhanerd\/wp-content\/uploads\/2025\/06\/ixdpz-ahfoi-768x512.jpg 768w, https:\/\/bvnarede.com.br\/varinhanerd\/wp-content\/uploads\/2025\/06\/ixdpz-ahfoi-300x200.jpg 300w, https:\/\/bvnarede.com.br\/varinhanerd\/wp-content\/uploads\/2025\/06\/ixdpz-ahfoi-1024x683.jpg 1024w, https:\/\/bvnarede.com.br\/varinhanerd\/wp-content\/uploads\/2025\/06\/ixdpz-ahfoi-1536x1024.jpg 1536w, https:\/\/bvnarede.com.br\/varinhanerd\/wp-content\/uploads\/2025\/06\/ixdpz-ahfoi.jpg 1600w\" sizes=\"auto, (max-width: 768px) 100vw, 768px\" \/>\t\t\t<\/div>\n\t\t<\/a><!-- .post-thumbnail -->\n\t\t\t\t<div class=\"entry-content-wrap\">\n\t\t\t<header class=\"entry-header\">\n\t\t<div class=\"entry-taxonomies\">\n\t\t<span class=\"category-links term-links category-style-normal\">\n\t\t\t<style>.loop-entry.type-post .entry-taxonomies a.category-link-animes {\n\t\t\t\t\t\t\t\t\t\tcolor: #ff6900;\n\t\t\t\t\t\t\t\t\t}<\/style><a href=\"https:\/\/bvnarede.com.br\/varinhanerd\/category\/animes\/\" class=\"category-link-animes\" rel=\"tag\">Animes<\/a>\t\t<\/span>\n\t<\/div><!-- .entry-taxonomies -->\n\t<h2 class=\"entry-title\"><a href=\"https:\/\/bvnarede.com.br\/varinhanerd\/principais-animes-de-todos-os-tempos\/\" rel=\"bookmark\">Os principais animes de todos os tempos: 10 hist\u00f3rias e personagens marcantes<\/a><\/h2>\t<div class=\"entry-meta entry-meta-divider-dot\">\n\t\t\t\t<span class=\"posted-on\">\n\t\t\t\t<time class=\"entry-date published\" datetime=\"2025-06-16T16:30:45-03:00\">16\/06\/2025<\/time><time class=\"updated\" datetime=\"2025-06-25T10:03:17-03:00\">25\/06\/2025<\/time>\t\t\t<\/span>\n\t\t\t\t<\/div><!-- .entry-meta -->\n\t<\/header><!-- .entry-header -->\n\t<div class=\"entry-summary\">\n\t\t<p>Os animes conquistaram milh\u00f5es de f\u00e3s ao redor do mundo, tornando-se uma parte essencial da cultura pop global. Com hist\u00f3rias cativantes, personagens inesquec\u00edveis e anima\u00e7\u00f5es impressionantes, algumas s\u00e9ries se destacaram e se tornaram verdadeiros \u00edcones. Confira os principais animes de todos os tempos! Neste artigo, reunimos os 10 animes mais marcantes de todos os tempos,&#8230;<\/p>\n\t<\/div><!-- .entry-summary -->\n\t<footer class=\"entry-footer\">\n\t\t\t<div class=\"entry-actions\">\n\t\t\t<p class=\"more-link-wrap\">\n\t\t\t\t<a href=\"https:\/\/bvnarede.com.br\/varinhanerd\/principais-animes-de-todos-os-tempos\/\" class=\"post-more-link\">\n\t\t\t\t\tleia mais<span class=\"screen-reader-text\"> Os principais animes de todos os tempos: 10 hist\u00f3rias e personagens marcantes<\/span><span class=\"kadence-svg-iconset svg-baseline\"><svg aria-hidden=\"true\" class=\"kadence-svg-icon kadence-arrow-right-alt-svg\" fill=\"currentColor\" version=\"1.1\" xmlns=\"http:\/\/www.w3.org\/2000\/svg\" width=\"27\" height=\"28\" viewBox=\"0 0 27 28\"><title>Continue<\/title><path d=\"M27 13.953c0 0.141-0.063 0.281-0.156 0.375l-6 5.531c-0.156 0.141-0.359 0.172-0.547 0.094-0.172-0.078-0.297-0.25-0.297-0.453v-3.5h-19.5c-0.281 0-0.5-0.219-0.5-0.5v-3c0-0.281 0.219-0.5 0.5-0.5h19.5v-3.5c0-0.203 0.109-0.375 0.297-0.453s0.391-0.047 0.547 0.078l6 5.469c0.094 0.094 0.156 0.219 0.156 0.359v0z\"><\/path>\n\t\t\t<\/svg><\/span>\t\t\t\t<\/a>\n\t\t\t<\/p>\n\t\t<\/div><!-- .entry-actions -->\n\t\t<\/footer><!-- .entry-footer -->\t\t<\/div>\n\t<\/article>\n<\/li>\n<\/ul>\n\n\n<p><\/p>\n","protected":false},"excerpt":{"rendered":"","protected":false},"author":1,"featured_media":0,"parent":0,"menu_order":0,"comment_status":"closed","ping_status":"closed","template":"","meta":{"_kadence_starter_templates_imported_post":false,"_kad_post_transparent":"","_kad_post_title":"","_kad_post_layout":"","_kad_post_sidebar_id":"","_kad_post_content_style":"","_kad_post_vertical_padding":"","_kad_post_feature":"","_kad_post_feature_position":"","_kad_post_header":false,"_kad_post_footer":false,"footnotes":""},"class_list":["post-140","page","type-page","status-publish","hentry"],"_links":{"self":[{"href":"https:\/\/bvnarede.com.br\/varinhanerd\/wp-json\/wp\/v2\/pages\/140","targetHints":{"allow":["GET"]}}],"collection":[{"href":"https:\/\/bvnarede.com.br\/varinhanerd\/wp-json\/wp\/v2\/pages"}],"about":[{"href":"https:\/\/bvnarede.com.br\/varinhanerd\/wp-json\/wp\/v2\/types\/page"}],"author":[{"embeddable":true,"href":"https:\/\/bvnarede.com.br\/varinhanerd\/wp-json\/wp\/v2\/users\/1"}],"replies":[{"embeddable":true,"href":"https:\/\/bvnarede.com.br\/varinhanerd\/wp-json\/wp\/v2\/comments?post=140"}],"version-history":[{"count":3,"href":"https:\/\/bvnarede.com.br\/varinhanerd\/wp-json\/wp\/v2\/pages\/140\/revisions"}],"predecessor-version":[{"id":145,"href":"https:\/\/bvnarede.com.br\/varinhanerd\/wp-json\/wp\/v2\/pages\/140\/revisions\/145"}],"wp:attachment":[{"href":"https:\/\/bvnarede.com.br\/varinhanerd\/wp-json\/wp\/v2\/media?parent=140"}],"curies":[{"name":"wp","href":"https:\/\/api.w.org\/{rel}","templated":true}]}}